{"id":28597,"date":"2018-06-14T09:40:15","date_gmt":"2018-06-14T13:40:15","guid":{"rendered":"https:\/\/dev.bastacommunication.ca\/Mada\/?page_id=28597"},"modified":"2018-08-20T13:49:25","modified_gmt":"2018-08-20T17:49:25","slug":"documentation-1","status":"publish","type":"page","link":"https:\/\/madaquebec.com\/en\/library\/documentation-1\/","title":{"rendered":"Documentation"},"content":{"rendered":"<p>[et_pb_section bb_built=&#8221;1&#8243;][et_pb_row][et_pb_column type=&#8221;4_4&#8243;][et_pb_text _builder_version=&#8221;3.4.1&#8243;]<\/p>\n<ul>\n<li><a class=\"put_the_icone\" href=\"https:\/\/madaquebec.com\/document\/carrefour-action-municipale-et-famille-camf\/\">Carrefour action municipale et famille (CAMF)<\/a><\/li>\n<li><a class=\"put_the_icone\" href=\"https:\/\/madaquebec.com\/document\/fadoq-region-ile-de-montreal-et-tcaim\/\">FADOQ R\u00e9gion \u00cele de Montr\u00e9al et TCA\u00ceM<\/a><\/li>\n<li><a class=\"put_the_icone\" href=\"https:\/\/madaquebec.com\/document\/municipalites-mrc-du-quebec\/\">Municipalit\u00e9s (&amp; MRC) du Qu\u00e9bec<\/a><\/li>\n<li><a class=\"put_the_icone\" href=\"https:\/\/madaquebec.com\/document\/gouvernement-du-quebec\/\">Gouvernement du Qu\u00e9bec<\/a><\/li>\n<li><a class=\"put_the_icone\" href=\"https:\/\/madaquebec.com\/document\/gouvernement-du-canada\/\">Gouvernement du Canada<\/a><\/li>\n<li><a class=\"put_the_icone\" href=\"https:\/\/madaquebec.com\/document\/autres\/\">Autres<\/a><\/li>\n<\/ul>\n<p>[\/et_pb_text][\/et_pb_column][\/et_pb_row][\/et_pb_section][et_pb_section bb_built=&#8221;1&#8243; _builder_version=&#8221;3.4.1&#8243; module_class=&#8221;css_style_li&#8221; custom_padding=&#8221;0px|||&#8221;][et_pb_row][et_pb_column type=&#8221;4_4&#8243;][et_pb_text _builder_version=&#8221;3.4.1&#8243;]<\/p>\n<ul>\n<li><a class=\"put_the_icone\" href=\"https:\/\/madaquebec.com\/document\/carrefour-action-municipale-et-famille-camf\/\">Carrefour action municipale et famille (CAMF)<\/a><\/li>\n<li><a class=\"put_the_icone\" href=\"https:\/\/madaquebec.com\/document\/fadoq-region-ile-de-montreal-et-tcaim\/\">FADOQ R\u00e9gion \u00cele de Montr\u00e9al et TCA\u00ceM<\/a><\/li>\n<li><a class=\"put_the_icone\" href=\"https:\/\/madaquebec.com\/document\/municipalites-mrc-du-quebec\/\">Municipalit\u00e9s (&amp; MRC) du Qu\u00e9bec<\/a><\/li>\n<li><a class=\"put_the_icone\" href=\"https:\/\/madaquebec.com\/document\/gouvernement-du-quebec\/\">Gouvernement du Qu\u00e9bec<\/a><\/li>\n<li><a class=\"put_the_icone\" href=\"https:\/\/madaquebec.com\/document\/gouvernement-du-canada\/\">Gouvernement du Canada<\/a><\/li>\n<li><a class=\"put_the_icone\" href=\"https:\/\/madaquebec.com\/document\/autres\/\">Autres<\/a><\/li>\n<\/ul>\n<p>[\/et_pb_text][\/et_pb_column][\/et_pb_row][\/et_pb_section]<\/p>\n","protected":false},"excerpt":{"rendered":"<p><div class=\"et_pb_row et_pb_row_0 et_pb_row_empty\">\n\t\t\t\t\n\t\t\t\t\n\t\t\t\t\n\t\t\t\t\n\t\t\t\t\n\t\t\t<\/div> Carrefour action municipale et famille (CAMF) FADOQ R\u00e9gion \u00cele de Montr\u00e9al et TCA\u00ceM Municipalit\u00e9s (&amp; MRC) du Qu\u00e9bec Gouvernement du Qu\u00e9bec Gouvernement du Canada Autres <div class=\"et_pb_row et_pb_row_1 et_pb_row_empty\">\n\t\t\t\t\n\t\t\t\t\n\t\t\t\t\n\t\t\t\t\n\t\t\t\t\n\t\t\t<\/div> Carrefour action municipale et famille (CAMF) FADOQ R\u00e9gion \u00cele de Montr\u00e9al et TCA\u00ceM Municipalit\u00e9s (&amp; MRC) du Qu\u00e9bec Gouvernement du Qu\u00e9bec Gouvernement du Canada Autres<\/p>\n","protected":false},"author":1,"featured_media":0,"parent":1137,"menu_order":0,"comment_status":"closed","ping_status":"closed","template":"","meta":{"_et_pb_use_builder":"on","_et_pb_old_content":"","_et_gb_content_width":"","footnotes":""},"yoast_head":"<!-- This site is optimized with the Yoast SEO plugin v21.2 - https:\/\/yoast.com\/wordpress\/plugins\/seo\/ -->\n<title>Documentation - Mada<\/title>\n<meta name=\"robots\" content=\"index, follow, max-snippet:-1, max-image-preview:large, max-video-preview:-1\" \/>\n<link rel=\"canonical\" href=\"https:\/\/madaquebec.com\/mediatheque\/documentation\/\" \/>\n<meta property=\"og:locale\" content=\"en_US\" \/>\n<meta property=\"og:type\" content=\"article\" \/>\n<meta property=\"og:title\" content=\"Documentation - Mada\" \/>\n<meta property=\"og:description\" content=\"Carrefour action municipale et famille (CAMF) FADOQ R\u00e9gion \u00cele de Montr\u00e9al et TCA\u00ceM Municipalit\u00e9s (&amp; MRC) du Qu\u00e9bec Gouvernement du Qu\u00e9bec Gouvernement du Canada Autres Carrefour action municipale et famille (CAMF) FADOQ R\u00e9gion \u00cele de Montr\u00e9al et TCA\u00ceM Municipalit\u00e9s (&amp; MRC) du Qu\u00e9bec Gouvernement du Qu\u00e9bec Gouvernement du Canada Autres\" \/>\n<meta property=\"og:url\" content=\"https:\/\/madaquebec.com\/mediatheque\/documentation\/\" \/>\n<meta property=\"og:site_name\" content=\"Mada\" \/>\n<meta property=\"article:modified_time\" content=\"2018-08-20T17:49:25+00:00\" \/>\n<meta name=\"twitter:card\" content=\"summary_large_image\" \/>\n<meta name=\"twitter:label1\" content=\"Est. reading time\" \/>\n\t<meta name=\"twitter:data1\" content=\"1 minute\" \/>\n<script type=\"application\/ld+json\" class=\"yoast-schema-graph\">{\"@context\":\"https:\/\/schema.org\",\"@graph\":[{\"@type\":\"WebPage\",\"@id\":\"https:\/\/madaquebec.com\/mediatheque\/documentation\/\",\"url\":\"https:\/\/madaquebec.com\/mediatheque\/documentation\/\",\"name\":\"Documentation - Mada\",\"isPartOf\":{\"@id\":\"https:\/\/madaquebec.com\/#website\"},\"datePublished\":\"2018-06-14T13:40:15+00:00\",\"dateModified\":\"2018-08-20T17:49:25+00:00\",\"breadcrumb\":{\"@id\":\"https:\/\/madaquebec.com\/mediatheque\/documentation\/#breadcrumb\"},\"inLanguage\":\"en-US\",\"potentialAction\":[{\"@type\":\"ReadAction\",\"target\":[\"https:\/\/madaquebec.com\/mediatheque\/documentation\/\"]}]},{\"@type\":\"BreadcrumbList\",\"@id\":\"https:\/\/madaquebec.com\/mediatheque\/documentation\/#breadcrumb\",\"itemListElement\":[{\"@type\":\"ListItem\",\"position\":1,\"name\":\"Accueil\",\"item\":\"https:\/\/madaquebec.com\/en\/\"},{\"@type\":\"ListItem\",\"position\":2,\"name\":\"Library\",\"item\":\"https:\/\/madaquebec.com\/mediatheque\/\"},{\"@type\":\"ListItem\",\"position\":3,\"name\":\"Documentation\"}]},{\"@type\":\"WebSite\",\"@id\":\"https:\/\/madaquebec.com\/#website\",\"url\":\"https:\/\/madaquebec.com\/\",\"name\":\"Mada\",\"description\":\"Municipalit\u00e9s et villes amies des a\u00een\u00e9s au Qu\u00e9bec\",\"potentialAction\":[{\"@type\":\"SearchAction\",\"target\":{\"@type\":\"EntryPoint\",\"urlTemplate\":\"https:\/\/madaquebec.com\/?s={search_term_string}\"},\"query-input\":\"required name=search_term_string\"}],\"inLanguage\":\"en-US\"}]}<\/script>\n<!-- \/ Yoast SEO plugin. -->","yoast_head_json":{"title":"Documentation - Mada","robots":{"index":"index","follow":"follow","max-snippet":"max-snippet:-1","max-image-preview":"max-image-preview:large","max-video-preview":"max-video-preview:-1"},"canonical":"https:\/\/madaquebec.com\/mediatheque\/documentation\/","og_locale":"en_US","og_type":"article","og_title":"Documentation - Mada","og_description":"Carrefour action municipale et famille (CAMF) FADOQ R\u00e9gion \u00cele de Montr\u00e9al et TCA\u00ceM Municipalit\u00e9s (&amp; MRC) du Qu\u00e9bec Gouvernement du Qu\u00e9bec Gouvernement du Canada Autres Carrefour action municipale et famille (CAMF) FADOQ R\u00e9gion \u00cele de Montr\u00e9al et TCA\u00ceM Municipalit\u00e9s (&amp; MRC) du Qu\u00e9bec Gouvernement du Qu\u00e9bec Gouvernement du Canada Autres","og_url":"https:\/\/madaquebec.com\/mediatheque\/documentation\/","og_site_name":"Mada","article_modified_time":"2018-08-20T17:49:25+00:00","twitter_card":"summary_large_image","twitter_misc":{"Est. reading time":"1 minute"},"schema":{"@context":"https:\/\/schema.org","@graph":[{"@type":"WebPage","@id":"https:\/\/madaquebec.com\/mediatheque\/documentation\/","url":"https:\/\/madaquebec.com\/mediatheque\/documentation\/","name":"Documentation - Mada","isPartOf":{"@id":"https:\/\/madaquebec.com\/#website"},"datePublished":"2018-06-14T13:40:15+00:00","dateModified":"2018-08-20T17:49:25+00:00","breadcrumb":{"@id":"https:\/\/madaquebec.com\/mediatheque\/documentation\/#breadcrumb"},"inLanguage":"en-US","potentialAction":[{"@type":"ReadAction","target":["https:\/\/madaquebec.com\/mediatheque\/documentation\/"]}]},{"@type":"BreadcrumbList","@id":"https:\/\/madaquebec.com\/mediatheque\/documentation\/#breadcrumb","itemListElement":[{"@type":"ListItem","position":1,"name":"Accueil","item":"https:\/\/madaquebec.com\/en\/"},{"@type":"ListItem","position":2,"name":"Library","item":"https:\/\/madaquebec.com\/mediatheque\/"},{"@type":"ListItem","position":3,"name":"Documentation"}]},{"@type":"WebSite","@id":"https:\/\/madaquebec.com\/#website","url":"https:\/\/madaquebec.com\/","name":"Mada","description":"Municipalit\u00e9s et villes amies des a\u00een\u00e9s au Qu\u00e9bec","potentialAction":[{"@type":"SearchAction","target":{"@type":"EntryPoint","urlTemplate":"https:\/\/madaquebec.com\/?s={search_term_string}"},"query-input":"required name=search_term_string"}],"inLanguage":"en-US"}]}},"_links":{"self":[{"href":"https:\/\/madaquebec.com\/en\/wp-json\/wp\/v2\/pages\/28597"}],"collection":[{"href":"https:\/\/madaquebec.com\/en\/wp-json\/wp\/v2\/pages"}],"about":[{"href":"https:\/\/madaquebec.com\/en\/wp-json\/wp\/v2\/types\/page"}],"author":[{"embeddable":true,"href":"https:\/\/madaquebec.com\/en\/wp-json\/wp\/v2\/users\/1"}],"replies":[{"embeddable":true,"href":"https:\/\/madaquebec.com\/en\/wp-json\/wp\/v2\/comments?post=28597"}],"version-history":[{"count":4,"href":"https:\/\/madaquebec.com\/en\/wp-json\/wp\/v2\/pages\/28597\/revisions"}],"predecessor-version":[{"id":30012,"href":"https:\/\/madaquebec.com\/en\/wp-json\/wp\/v2\/pages\/28597\/revisions\/30012"}],"up":[{"embeddable":true,"href":"https:\/\/madaquebec.com\/en\/wp-json\/wp\/v2\/pages\/1137"}],"wp:attachment":[{"href":"https:\/\/madaquebec.com\/en\/wp-json\/wp\/v2\/media?parent=28597"}],"curies":[{"name":"wp","href":"https:\/\/api.w.org\/{rel}","templated":true}]}}

<p>[et_pb_section bb_built=&#8221;1&#8243;][et_pb_row][et_pb_column type=&#8221;4_4&#8243;][et_pb_text _builder_version=&#8221;3.4.1&#8243;]</p>
<ul>
<li><a class="put_the_icone" href="https://madaquebec.com/document/carrefour-action-municipale-et-famille-camf/">Carrefour action municipale et famille (CAMF)</a></li>
<li><a class="put_the_icone" href="https://madaquebec.com/document/fadoq-region-ile-de-montreal-et-tcaim/">FADOQ Région Île de Montréal et TCAÎM</a></li>
<li><a class="put_the_icone" href="https://madaquebec.com/document/municipalites-mrc-du-quebec/">Municipalités (&amp; MRC) du Québec</a></li>
<li><a class="put_the_icone" href="https://madaquebec.com/document/gouvernement-du-quebec/">Gouvernement du Québec</a></li>
<li><a class="put_the_icone" href="https://madaquebec.com/document/gouvernement-du-canada/">Gouvernement du Canada</a></li>
<li><a class="put_the_icone" href="https://madaquebec.com/document/autres/">Autres</a></li>
</ul>
<p>[/et_pb_text][/et_pb_column][/et_pb_row][/et_pb_section][et_pb_section bb_built=&#8221;1&#8243; _builder_version=&#8221;3.4.1&#8243; module_class=&#8221;css_style_li&#8221; custom_padding=&#8221;0px|||&#8221;][et_pb_row][et_pb_column type=&#8221;4_4&#8243;][et_pb_text _builder_version=&#8221;3.4.1&#8243;]</p>
<ul>
<li><a class="put_the_icone" href="https://madaquebec.com/document/carrefour-action-municipale-et-famille-camf/">Carrefour action municipale et famille (CAMF)</a></li>
<li><a class="put_the_icone" href="https://madaquebec.com/document/fadoq-region-ile-de-montreal-et-tcaim/">FADOQ Région Île de Montréal et TCAÎM</a></li>
<li><a class="put_the_icone" href="https://madaquebec.com/document/municipalites-mrc-du-quebec/">Municipalités (&amp; MRC) du Québec</a></li>
<li><a class="put_the_icone" href="https://madaquebec.com/document/gouvernement-du-quebec/">Gouvernement du Québec</a></li>
<li><a class="put_the_icone" href="https://madaquebec.com/document/gouvernement-du-canada/">Gouvernement du Canada</a></li>
<li><a class="put_the_icone" href="https://madaquebec.com/document/autres/">Autres</a></li>
</ul>
<p>[/et_pb_text][/et_pb_column][/et_pb_row][/et_pb_section]</p>

<p><div class="et_pb_row et_pb_row_0 et_pb_row_empty">
				
				
				
				
				
			</div> Carrefour action municipale et famille (CAMF) FADOQ Région Île de Montréal et TCAÎM Municipalités (&amp; MRC) du Québec Gouvernement du Québec Gouvernement du Canada Autres <div class="et_pb_row et_pb_row_1 et_pb_row_empty">
				
				
				
				
				
			</div> Carrefour action municipale et famille (CAMF) FADOQ Région Île de Montréal et TCAÎM Municipalités (&amp; MRC) du Québec Gouvernement du Québec Gouvernement du Canada Autres</p>

<!-- This site is optimized with the Yoast SEO plugin v21.2 - https://yoast.com/wordpress/plugins/seo/ -->
<title>Documentation - Mada</title>
<meta name="robots" content="index, follow, max-snippet:-1, max-image-preview:large, max-video-preview:-1" />
<link rel="canonical" href="https://madaquebec.com/mediatheque/documentation/" />
<meta property="og:locale" content="en_US" />
<meta property="og:type" content="article" />
<meta property="og:title" content="Documentation - Mada" />
<meta property="og:description" content="Carrefour action municipale et famille (CAMF) FADOQ Région Île de Montréal et TCAÎM Municipalités (&amp; MRC) du Québec Gouvernement du Québec Gouvernement du Canada Autres Carrefour action municipale et famille (CAMF) FADOQ Région Île de Montréal et TCAÎM Municipalités (&amp; MRC) du Québec Gouvernement du Québec Gouvernement du Canada Autres" />
<meta property="og:url" content="https://madaquebec.com/mediatheque/documentation/" />
<meta property="og:site_name" content="Mada" />
<meta property="article:modified_time" content="2018-08-20T17:49:25+00:00" />
<meta name="twitter:card" content="summary_large_image" />
<meta name="twitter:label1" content="Est. reading time" />
	<meta name="twitter:data1" content="1 minute" />
<script type="application/ld+json" class="yoast-schema-graph">{"@context":"https://schema.org","@graph":[{"@type":"WebPage","@id":"https://madaquebec.com/mediatheque/documentation/","url":"https://madaquebec.com/mediatheque/documentation/","name":"Documentation - Mada","isPartOf":{"@id":"https://madaquebec.com/#website"},"datePublished":"2018-06-14T13:40:15+00:00","dateModified":"2018-08-20T17:49:25+00:00","breadcrumb":{"@id":"https://madaquebec.com/mediatheque/documentation/#breadcrumb"},"inLanguage":"en-US","potentialAction":[{"@type":"ReadAction","target":["https://madaquebec.com/mediatheque/documentation/"]}]},{"@type":"BreadcrumbList","@id":"https://madaquebec.com/mediatheque/documentation/#breadcrumb","itemListElement":[{"@type":"ListItem","position":1,"name":"Accueil","item":"https://madaquebec.com/en/"},{"@type":"ListItem","position":2,"name":"Library","item":"https://madaquebec.com/mediatheque/"},{"@type":"ListItem","position":3,"name":"Documentation"}]},{"@type":"WebSite","@id":"https://madaquebec.com/#website","url":"https://madaquebec.com/","name":"Mada","description":"Municipalités et villes amies des aînés au Québec","potentialAction":[{"@type":"SearchAction","target":{"@type":"EntryPoint","urlTemplate":"https://madaquebec.com/?s={search_term_string}"},"query-input":"required name=search_term_string"}],"inLanguage":"en-US"}]}</script>
<!-- / Yoast SEO plugin. -->

Carrefour action municipale et famille (CAMF) FADOQ Région Île de Montréal et TCAÎM Municipalités (&amp; MRC) du Québec Gouvernement du Québec Gouvernement du Canada Autres Carrefour action municipale et famille (CAMF) FADOQ Région Île de Montréal et TCAÎM Municipalités (&amp; MRC) du Québec Gouvernement du Québec Gouvernement du Canada Autres

Municipalités et villes amies des aînés au Québec
